Calculate the remainder when 378 is divided by 191.
187
Calculate the remainder when 80 is divided by 35.
10
What is the remainder when 2660 is divided by 881?
17
Calculate the remainder when 125 is divided by 49.
27
Calculate the remainder when 46 is divided by 18.
10
What is the remainder when 613 is divided by 66?
19
What is the remainder when 328 is divided by 84?
76
What is the remainder when 61 is divided by 51?
10
What is the remainder when 129 is divided by 11?
8
Calculate the remainder when 7452 is divided by 7.
4
What is the remainder when 165 is divided by 46?
27
Calculate the remainder when 314 is divided by 64.
58
What is the remainder when 77 is divided by 12?
5
What is the remainder when 1211 is divided by 247?
223
Calculate the remainder when 879 is divided by 55.
54
Calculate the remainder when 63 is divided by 26.
11
What is the remainder when 902 is divided by 55?
22
Calculate the remainder when 1971 is divided by 29.
28
Calculate the remainder when 459 is divided by 11.
8
Calculate the remainder when 33 is divided by 12.
9
Calculate the remainder when 247 is divided by 8.
7
What is the remainder when 562 is divided by 82?
70
Calculate the remainder when 416 is divided by 398.
18
Calculate the remainder when 373 is divided by 38.
31
Calculate the remainder when 539 is divided by 21.
14
What is the remainder when 18268 is divided by 290?
288
What is the remainder when 98 is divided by 86?
12
What is the remainder when 752 is divided by 45?
32
What is the remainder when 131 is divided by 9?
5
What is the remainder when 1796 is divided by 128?
4
Calculate the remainder when 38 is divided by 24.
14
What is the remainder when 1534 is divided by 26?
0
Calculate the remainder when 49 is divided by 26.
23
Calculate the remainder when 1150 is divided by 64.
62
What is the remainder when 292 is divided by 45?
22
Calculate the remainder when 48 is divided by 4.
0
What is the remainder when 1392 is divided by 53?
14
What is the remainder when 355 is divided by 91?
82
Calculate the remainder when 129 is divided by 12.
9
Calculate the remainder when 2231 is divided by 62.
61
What is the remainder when 1907 is divided by 39?
35
Calculate the remainder when 351 is divided by 71.
67
Calculate the remainder when 322 is divided by 36.
34
What is the remainder when 13373 is divided by 88?
85
What is the remainder when 301 is divided by 34?
29
Calculate the remainder when 713 is divided by 72.
65
What is the remainder when 5634 is divided by 626?
0
Calculate the remainder when 145 is divided by 77.
68
What is the remainder when 155 is divided by 79?
76
Calculate the remainder when 633 is divided by 25.
8
What is the remainder when 725 is divided by 52?
49
Calculate the remainder when 1307 is divided by 64.
27
Calculate the remainder when 2260 is divided by 39.
37
What is the remainder when 422 is divided by 109?
95
What is the remainder when 415 is divided by 21?
16
What is the remainder when 400 is divided by 194?
12
What is the remainder when 246 is divided by 10?
6
Calculate the remainder when 750 is divided by 279.
192
Calculate the remainder when 142 is divided by 24.
22
Calculate the remainder when 475 is divided by 13.
7
What is the remainder when 3195 is divided by 139?
137
What is the remainder when 643 is divided by 17?
14
What is the remainder when 461 is divided by 29?
26
What is the remainder when 468 is divided by 93?
3
What is the remainder when 643 is divided by 87?
34
What is the remainder when 197 is divided by 5?
2
Calculate the remainder when 292 is divided by 11.
6
Calculate the remainder when 2449 is divided by 111.
7
What is the remainder when 5004 is divided by 35?
34
What is the remainder when 119 is divided by 12?
11
Calculate the remainder when 87 is divided by 57.
30
What is the remainder when 2811 is divided by 23?
5
Calculate the remainder when 17 is divided by 3.
2
What is the remainder when 185 is divided by 58?
11
Calculate the remainder when 274 is divided by 15.
4
Calculate the remainder when 69 is divided by 16.
5
Calculate the remainder when 229 is divided by 20.
9
What is the remainder when 598 is divided by 298?
2
Calculate the remainder when 2538 is divided by 6.
0
Calculate the remainder when 1781 is divided by 5.
1
What is the remainder when 748 is divided by 58?
52
Calculate the remainder when 378 is divided by 86.
34
Calculate the remainder when 1848 is divided by 41.
3
What is the remainder when 6421 is divided by 11?
8
Calculate the remainder when 5942 is divided by 119.
111
Calculate the remainder when 527 is divided by 277.
250
What is the remainder when 36 is divided by 25?
11
Calculate the remainder when 295 is divided by 19.
10
What is the remainder when 272 is divided by 7?
6
Calculate the remainder when 3356 is divided by 168.
164
What is the remainder when 3344 is divided by 63?
5
What is the remainder when 1176 is divided by 56?
0
Calculate the remainder when 30 is divided by 3.
0
Calculate the remainder when 162 is divided by 14.
8
Calculate the remainder when 455 is divided by 31.
21
Calculate the remainder when 952 is divided by 39.
16
Calculate the remainder when 166 is divided by 14.
12
What is the remainder when 1584 is divided by 19?
7
What is the remainder when 86 is divided by 43?
0
Calculate the remainder when 225 is divided by 58.
51
Calculate the remainder when 4147 is divided by 44.
11
What is the remainder when 80 is divided by 41?
39
Calculate the remainder when 429 is divided by 159.
111
Calculate the remainder when 245 is divided by 69.
38
What is the remainder when 9539 is divided by 5?
4
What is the remainder when 166 is divided by 42?
40
Calculate the remainder when 245 is divided by 113.
19
What is the remainder when 74 is divided by 39?
35
Calculate the remainder when 87 is divided by 74.
13
What is the remainder when 520 is divided by 18?
16
Calculate the remainder when 70 is divided by 10.
0
Calculate the remainder when 34 is divided by 15.
4
What is the remainder when 430 is divided by 12?
10
What is the remainder when 227 is divided by 74?
5
What is the remainder when 264 is divided by 49?
19
Calculate the remainder when 1738 is divided by 19.
9
What is the remainder when 5612 is divided by 200?
12
What is the remainder when 259 is divided by 91?
77
Calculate the remainder when 86 is divided by 9.
5
What is the remainder when 3144 is divided by 3?
0
What is the remainder when 204 is divided by 105?
99
Calculate the remainder when 158 is divided by 34.
22
What is the remainder when 473 is divided by 79?
78
Calculate the remainder when 505 is divided by 73.
67
What is the remainder when 271 is divided by 68?
67
Calculate the remainder when 201 is divided by 90.
21
Calculate the remainder when 114 is divided by 18.
6
Calculate the remainder when 1566 is divided by 49.
47
Calculate the remainder when 305 is divided by 9.
8
What is the remainder when 578 is divided by 83?
80
What is the remainder when 634 is divided by 77?
18
What is the remainder when 198 is divided by 93?
12
Calculate the remainder when 640 is divided by 28.
24
Calculate the remainder when 166 is divided by 10.
6
What is the remainder when 70 is divided by 28?
14
What is the remainder when 187 is divided by 50?
37
Calculate the remainder when 55 is divided by 20.
15
Calculate the remainder when 68 is divided by 26.
16
What is the remainder when 491 is divided by 53?
14
What is the remainder when 4828 is divided by 70?
68
Calculate the remainder when 33380 is divided by 19.
16
Calculate the remainder when 11887 is divided by 11.
7
Calculate the remainder when 1630 is divided by 16.
14
Calculate the remainder when 965 is divided by 69.
68
Calculate the remainder when 348 is divided by 48.
12
What is the remainder when 74 is divided by 53?
21
What is the remainder when 466 is divided by 58?
2
Calculate the remainder when 92 is divided by 72.
20
Calculate the remainder when 116 is divided by 64.
52
Calculate the remainder when 2617 is divided by 125.
117
Calculate the remainder when 17 is divided by 11.
6
What is the remainder when 2472 is divided by 166?
148
What is the remainder when 335 is divided by 31?
25
Calculate the remainder when 5878 is divided by 56.
54
What is the remainder when 1994 is di